e of 191*a**6/120 + a**5/60 + a**4/8 - a**3/2 + a**2. Let c be (-36)/(-8) - (-28)/(-8). What is the tens digit of t(c)?
9
Let p(g) = -28*g + 1. Let b be p(-5). Suppose 8*h - 219 = b. What is the units digit of h?
5
Let k(x) = 48594*x - 1202. What is the thousands digit of k(1)?
7
Suppose -21531 = -30*k - 141. What is the units digit of k?
3
Let s(z) = -110*z + 10. Let l(b) = -2*b + 1. Let a(t) = -5*l(t) + s(t). What is the hundreds digit of a(-5)?
5
Let s(l) = 3*l**3 - 6*l**2 - 7*l - 7. Let k(r) = 3*r**3 - 5*r**2 - 8*r - 7. Let o(w) = -6*k(w) + 5*s(w). What is the units digit of o(-5)?
7
Let f be (-37)/21*3 + (-6)/(-21). What is the units digit of (-25 + f)/5 - -802?
6
Let g be (-140)/(-40)*16/14. Suppose g*w + 14 = -22. Let j(b) = b**3 + 11*b**2 + b - 10. What is the tens digit of j(w)?
4
What is the units digit of (-224)/16 - -10 - (-810)/1?
6
Let j(w) = -646*w - 43. Let p be j(11). What is the hundreds digit of (-7)/(-5) + p/(-15)?
4
Let n be (4/6)/(1/489*-1). What is the units digit of -3 - -8 - (1 + n)?
0
Let k(h) = -h**3 + 2*h**2 + 26*h + 1075. What is the tens digit of k(-22)?
1
Let v = 1039 + -581. Suppose -v = -0*p - p - 5*f, -3*f = -12. What is the tens digit of p?
3
Let c = 28 - 26. Let w be 2/2*(-8)/c. What is the tens digit of 3/(-48)*w*164?
4
Suppose 0 = 2*l + 5*q - 31, 0 = l + 17*q - 13*q - 23. Let x(c) = 38*c**3 - 5*c**2 - 2*c + 2. What is the units digit of x(l)?
7
What is the units digit of ((-11)/((-154)/(-4214)))/((-4)/124)?
1
Suppose 3*n - 13 = -h - 259, -h + 328 = -4*n. Suppose 0 = 2*d - g + 7, -4*d - 47*g = -51*g + 8. What is the units digit of n/(-6) + d/((-45)/(-6))?
3
Let k(g) = g**2 - 4*g + 6. Let v(d) = d**2 - 5*d + 5. Let i(x) = 7*k(x) - 6*v(x). What is the units digit of i(7)?
5
Let r = -765 + -135. Let q = -620 - r. What is the tens digit of q?
8
Let o = -761 + 1109. Suppose 7*p = -3*x + 2*p, -x + p = 0. Suppose x = -5*g + o + 422. What is the hundreds digit of g?
1
Let q(w) = -8*w**3 + 9*w**2 - 4*w - 14. What is the hundreds digit of q(-6)?
0
Let z = -1198 + 1900. Let a = -612 + z. What is the tens digit of a?
9
Let y be (-16)/104 - (-4)/26. Let s be -3 + (47 - y/3). What is the tens digit of 11/(s/72) + 1?
1
Let k be (24/18)/(6/9). Let f(r) = -10*r + 14*r**2 + 13*r**2 + 17*r**k - 42*r**2 - 22. What is the tens digit of f(10)?
7
Suppose 15*d - 1932 = 1458. Let l = -204 + d. What is the units digit of l?
2
Let w = -6516 - -8680. What is the hundreds digit of w?
1
Let f = -181 - -141. Let n be (-650)/(-4) + 4/8. Let l = n + f. What is the hundreds digit of l?
1
Let s(g) = 3*g**3 + 20*g**2 + 10*g - 6. Let y be s(-6). Let r = 10 - 0. Suppose y*c = r*c - 16. What is the units digit of c?
4
Let t(x) = 87*x**2 + 72*x + 716. What is the units digit of t(-10)?
6
Suppose -8*u - 6*u = -25*u + 170280. What is the thousands digit of u?
5
Let d(l) = 6*l**3 + 10*l - 38. Let g be ((-8)/6)/((16/(-6))/8). What is the tens digit of d(g)?
8
Suppose -3*c = 24 - 30. Let b(r) = 7*r**2 + 75*r**c + r - 22*r**2 + 0*r. What is the tens digit of b(1)?
6
Suppose -300 = -6*p + 4*p. Let a = -74 + p. What is the tens digit of a?
7
Suppose -5*d = 2*y - 130, -2*d + 6*d = 3*y + 104. Suppose 4339 = d*i - 4813. What is the units digit of i?
2
Suppose 33 = -10*b + 73. Suppose l = -4*r + 2596, -5*r + 4*r + b*l = -649. What is the tens digit of r?
4
Let v = 3159 + 26. What is the units digit of v/98*12/10?
9
Let o = -127157 + 192768. What is the ten thousands digit of o?
6
Suppose -2*b + 11 = 3. Let f be -7 + (18/8 + -2)*b. Let z(c) = c**3 + 4*c**2 - 16*c - 9. What is the units digit of z(f)?
5
Suppose 35*f - 38*f = -2*q - 35, -3*q - 30 = 3*f. Let z(k) = -44*k + 81. What is the units digit of z(q)?
3
Let q = 2474 + -1499. Let x = 1635 - q. What is the hundreds digit of x?
6
Let i(r) = 465*r + 20. Let d be i(-6). What is the units digit of 5 + 206/(-42) - d/21?
2
Let z be (-6)/(-4)*(282 + -12). Let x = 567 - z. What is the hundreds digit of x?
1
Suppose 0 = -87*k + 81*k + 36. Let n be (-66)/99*k*1. What is the units digit of n*((-43)/2 + 0)?
6
Suppose 31*y - 4*y - 2025 = 0. What is the units digit of (y/100)/((-6)/(-3152))?
4
Suppose 5*l = -5, 0 = f - 5*l + 9*l + 39. Let d = f - -36. What is the tens digit of (-1 - 1/d)/((-60)/3210)?
0
Let k be (2 - 4) + (-1597)/(-1 - 0). Suppose 0 = -2*b + 1849 + k. What is the hundreds digit of b?
7
Let f be (-2*6/(-10))/((-12)/920). Let v = 218 + f. Suppose 41*i - v = 35*i. What is the units digit of i?
1
Let l = -408 + 408. Let k(s) = 35*s - 2. Let o be k(4). Suppose -o = -l*t - 3*t. What is the units digit of t?
6
Suppose 5*a = 37 + 18. Let r = a + -19. What is the tens digit of r/12 - 322/(-6)?
5
Let c be 2/(-3) - (-240)/9. Suppose 0 = -4*y - 4*o + 212, -4*y + 209 + 3 = -3*o. Let b = y + c. What is the tens digit of b?
7
Let d = -139 + 172. What is the hundreds digit of 5571/d - (-6)/(-165)*-5?
1
Let s be (188/(-6))/((-2)/(-225)*-3). Let v = s + -582. What is the tens digit of v?
9
Let u(c) = -c - 1. Let p be u(-3). Suppose 4*r - 6*r = -960. Suppose -j - j - r = -4*i, -p*j = -2*i + 238. What is the units digit of i?
1
Suppose -3*p = -4*o + 36, -7*p - 16 = -3*p. Suppose -2*z + 621 = -5*g + 4*g, -o*g = 3*z - 954. What is the hundreds digit of z?
3
Let y(c) be the second derivative of c**4/12 - 4*c**3/3 + 9*c**2/2 + 7*c. Let o be y(7). What is the hundreds digit of (-3 + o)/(-5 - 1767/(-354))?
1
Let r = 17 - 19. Let p be (8/20)/(r/120). What is the hundreds digit of (-42)/p*68/1?
1
Let j(d) be the third derivative of d**4/4 + 5*d**3/3 - 16*d**2. Let k be j(16). Let q = -42 + k. What is the tens digit of q?
6
Suppose 289*f = 294*f - 135. Suppose -3281 = -f*n + 10*n. What is the units digit of n?
3
Let y = -8814 - -14728. What is the tens digit of y?
1
Suppose 23258 = s + 2*b - 4674, 2*s + 3*b - 55859 = 0. What is the units digit of s?
2
Let u(x) = -x**3 - 8*x**2 + 8*x - 5. Let j be u(-7). Let a be (-350)/j + 2/(-11). Suppose 2*k - 104 = -o, -272 = -3*o - k + a*k. What is the tens digit of o?
9
Let f(g) = g**3 + 48*g**2 + 17*g - 199. What is the hundreds digit of f(-46)?
2
Suppose r = 5*h + 15874, 98*h - 97*h = 5*r - 79394. What is the units digit of r?
9
Let z be (-3 + 17)*615/6. Suppose -5*b + z = -565. What is the units digit of b?
0
Let j(t) = 6*t**2 - 5*t - 42. Let h = -16 - -5. What is the units digit of j(h)?
9
Suppose 4*y - 190*t = -189*t + 37865, 0 = -5*y + 5*t + 47320. What is the thousands digit of y?
9
What is the tens digit of -5 + (-132452)/(-36) + (-6)/27 - -1?
7
Suppose -11 = s + 2*a, 0*a - 4*a = 8. Let k(i) = i**3 - 12*i**2 - 11*i - 29. Let d be k(13). What is the units digit of d/(s/((-1050)/(-9)))?
0
Suppose 35 = 10*s - 3*s. Suppose -s*y + 12*y = 8204. What is the hundreds digit of y?
1
Let r(u) = -u**3 + 6*u**2 - 4*u - 6. Let l be r(5). Let a(v) = -20*v + 299. Let s be a(15). What is the tens digit of 72 + (l/1)/s?
7
Suppose -294*c + 2 = -293*c. Let v(p) = -2*p**3 + p**2 + 2*p + 1. Let r be v(-1). Suppose 5 = 5*l, -r*u + c*l + 248 = 3*u. What is the units digit of u?
0
Let k = -4531 - -9659. What is the tens digit of k?
2
What is the units digit of ((-2)/(-10))/((-170)/25 - -7)*23481?
1
Let s(x) = 11*x + 5. Let c be s(3). Let p = c + 347. What is the hundreds digit of p?
3
Suppose 0*w = 6*w. Suppose -c = -w*c - 3*q + 16, -20 = -4*q. What is the tens digit of -3 + c - (-142)/2?
6
Suppose -4*v = 5*n - 9222, 4*n = 5*v + 1203 + 6150. What is the units digit of n?
2
Let l be 2*(-2)/2 - 57/(-19). Suppose p = -l - 21. Let y = p - -48. What is the tens digit of y?
2
Let b(k) = -k**3 - 7*k**2 + 16*k - 10. Let d be b(-9). Suppose 0 = 2*c - 2*f + d, -3*c - f + 0 = 4. What is the units digit of (c - 0) + 2 + (7 - 0)?
7
Let g = -88 - -82. Let h be ((-20)/25)/(g/(-645)). Let z = h - -150. What is the units digit of z?
4
Let j(h) be the third derivative of -713*h**4/24 + 31*h**3/3 - 228*h**2. What is the units digit of j(-2)?
8
Let k be 4/1*(348/48 + -8). Let m(v) = 2*v**3 - v**2 - 3*v - 4. Let f be m(4). Let g = f - k. What is the tens digit of g?
9
Suppose -64*g = -60*g - 144. What is the units digit of ((-18)/g)/(3/(-1902))?
7
Let x(j) = -2*j**3 - 5*j**2 - 4*j. Let f be x(-2). Suppose c - 2*a - 611 = 0, f*a - 599 = -4*c + 3*c. What is the units digit of c?
7
Let i = 158 - 126. Let c(j) = j**3 - 31*j**2 - 